3) in base 6?
-12215
What is -14233 (base 7) in base 8?
-7467
What is 33242 (base 6) in base 2?
1001000011010
Convert 1370 (base 8) to base 14.
3c4
What is -112211220 (base 3) in base 2?
-10101001001000
What is -24a (base 15) in base 11?
-433
Convert 340141 (base 5) to base 10.
11921
Convert 1710 (base 10) to base 16.
6ae
Convert -156a (base 14) to base 9.
-5212
What is 1110010 (base 2) in base 3?
11020
What is 414 (base 7) in base 5?
1312
-13222 (base 4) to base 11
-406
-390 (base 10) to base 8
-606
11022 (base 3) to base 5
431
What is -53111 (base 6) in base 16?
-1c03
What is 20112 (base 7) in base 11?
3719
Convert 16200 (base 7) to base 12.
2779
Convert -3203213 (base 4) to base 11.
-aa43
What is -2408 (base 15) in base 3?
-101111122
157 (base 14) to base 4
10101
What is 1271 (base 15) in base 11?
2a54
-1147 (base 14) to base 13
-14a0
-71501 (base 9) to base 7
-254131
-135 (base 15) to base 10
-275
1287 (base 12) to base 13
c70
-6769 (base 10) to base 7
-25510
-2138 (base 11) to base 16
-b08
Convert 5a (base 11) to base 15.
45
-1cd9d (base 14) to base 2
-10010000100101111
What is -3445 (base 9) in base 2?
-100111111000
-1211111120 (base 3) to base 11
-25127
-31823 (base 9) to base 14
-797b
-418 (base 14) to base 7
-2231
What is 7a9 (base 15) in base 2?
11011000110
Convert -5bae (base 15) to base 9.
-28682
Convert -44af (base 16) to base 14.
-659d
Convert 1231211 (base 4) to base 16.
1b65
What is -223122 (base 7) in base 5?
-2231020
c5d9 (base 15) to base 9
63336
What is 167 (base 11) in base 7?
365
What is -1010101000110 (base 2) in base 4?
-1111012
What is 1144 (base 7) in base 16?
1a8
What is 2d0 (base 14) in base 13?
352
What is -9cc6 (base 16) in base 12?
-1b286
-432014 (base 6) to base 13
-13189
Convert 23423 (base 6) to base 12.
1b73
What is -10010110010 (base 2) in base 13?
-716
-5110 (base 6) to base 3
-1112120
What is -2032030 (base 5) in base 15?
-9d60
Convert 1000100200 (base 3) to base 10.
19944
Convert -92 (base 11) to base 3.
-10202
Convert 1846 (base 9) to base 11.
1080
Convert 2a5 (base 13) to base 4.
13121
What is 606c (base 14) in base 16?
40b0
What is -1626 (base 15) in base 9?
-6470
What is -10236 (base 7) in base 13?
-11c4
Convert 333540 (base 6) to base 3.
1102111120
Convert 11269 (base 10) to base 5.
330034
-127 (base 9) to base 11
-97
What is -4113 (base 6) in base 3?
-1020200
What is 758 (base 13) in base 10?
1256
1445 (base 6) to base 5
3024
Convert -1002321 (base 4) to base 8.
-10271
101231011 (base 4) to base 14
1c5db
Convert 25941 (base 11) to base 5.
2141241
What is -13342 (base 7) in base 12?
-2107
Convert 146 (base 8) to base 7.
204
-10400 (base 5) to base 4
-23111
What is -2201021 (base 3) in base 5?
-30403
Convert -464 (base 13) to base 14.
-3c2
Convert 18363 (base 11) to base 8.
62171
What is 54 (base 15) in base 14?
59
-45400 (base 6) to base 15
-1d73
What is -15269 (base 10) in base 12?
-8a05
What is 1101022 (base 6) in base 15?
112e2
-214012 (base 6) to base 16
-4538
What is -1579 (base 12) in base 11?
-1a00
What is 549 (base 16) in base 10?
1353
What is 11010100101110 (base 2) in base 9?
20606
What is 3202 (base 6) in base 4?
23102
Convert -203 (base 16) to base 3.
-201002
What is 567 (base 9) in base 3?
122021
-23141 (base 8) to base 16
-2661
Convert -271 (base 12) to base 7.
-1042
6920 (base 11) to base 4
2032021
-357 (base 10) to base 9
-436
-2132141 (base 5) to base 13
-13833
-211010001 (base 3) to base 16
-3ef8
-10123 (base 5) to base 8
-1227
-1122 (base 9) to base 8
-1476
-9223 (base 10) to base 13
-4276
10404 (base 5) to base 7
2061
What is 3724 (base 13) in base 14?
2bb6
b40 (base 13) to base 2
11101110111
-166c (base 14) to base 12
-23a8
110112 (base 5) to base 4
323012
What is 10002 (base 3) in base 13?
65
Convert 1b27 (base 12) to base 5.
101333
-13303 (base 4) to base 5
-3444
-b76 (base 15) to base 7
-10353
5775 (base 12) to base 3
111100122
What is 4a7 (base 12) in base 2?
1010111111
Convert 21ab (base 13) to base 2.
1001001100000
Convert -11132021 (base 4) to base 8.
-53611
Convert -293 (base 11) to base 7.
-1001
Convert 24502 (base 7) to base 13.
2bcc
-12102 (base 9) to base 2
-1111110100110
13c (base 16) to base 3
102201
271 (base 8) to base 5
1220
-1cd (base 16) to base 7
-1226
What is 2022 (base 3) in base 13?
4a
-15731 (base 12) to base 8
-73325
927 (base 11) to base 15
4e8
What is -16 (base 9) in base 15?
-10
Convert -10b3 (base 13) to base 4.
-210213
70341 (base 10) to base 13
2602b
What is 234324 (base 5) in base 8?
21012
What is 1204 (base 6) in base 2?
100100100
Convert 34012 (base 5) to base 4.
211032
1b36 (base 12) to base 14
1318
Convert 2090 (base 10) to base 7.
6044
-101012222 (base 3) to base 14
-2a03
What is 3147 (base 8) in base 5?
23024
What is -10212112 (base 3) in base 16?
-b06
-3a65 (base 13) to base 6
-102420
What is 1660 (base 8) in base 2?
1110110000
Convert cb7 (base 14) to base 3.
10110002
What is -221202 (base 3) in base 8?
-1267
922 (base 13) to base 8
3015
Convert -1303 (base 5) to base 3.
-21112
What is -3000 (base 5) in base 2?
-101110111
What is 104341 (base 5) in base 4?
322021
22876 (base 9) to base 2
11101111000001
-11100110111011 (base 2) to base 12
-8677
What is -294 (base 10) in base 9?
-356
What is -2441 (base 6) in base 16?
-259
-12233 (base 4) to base 9
-528
Convert 240 (base 7) to base 11.
105
What is 4160 (base 8) in base 3?
2222000
What is -2110021 (base 3) in base 15?
-7e4
What is -253 (base 16) in base 8?
-1123
What is -1525 (base 7) in base 16?
-25f
224142 (base 5) to base 4
1331233
-200000 (base 3) to base 10
-486
Convert 1011120 (base 3) to base 14.
44c
222203 (base 4) to base 6
20335
Convert -7ff3 (base 16) to base 6.
-411351
Convert -2021131 (base 4) to base 6.
-104421
649b (base 13) to base 10
13986
What is -20187 (base 9) in base 8?
-31742
6a30 (base 11) to base 6
110421
Convert 919 (base 14) to base 3.
2110012
What is -6725 (base 13) in base 14?
-5364
Convert -32852 (base 10) to base 9.
-50052
-11cc (base 16) to base 13
-20c6
What is 123 (base 11) in base 6?
402
1356 (base 11) to base 13
a50
Convert 1c0b (base 13) to base 3.
12210220
Convert -142244 (base 5) to base 6.
-43313
What is -1214 (base 10) in base 2?
-10010111110
Convert -3113122 (base 4) to base 9.
-20817
What is 1d1d6 (base 15) in base 12?
46b26
Convert 121120 (base 3) to base 7.
1206
What is -21030 (base 4) in base 2?
-1001001100
Convert -356 (base 7) to base 8.
-274
2455 (base 10) to base 4
212113
What is -154 (base 15) in base 8?
-460
Convert -221 (base 16) to base 14.
-2ad
What is 1278 (base 11) in base 4?
121322
4067 (base 8) to base 15
953
2e59 (base 16) to base 11
8a07
What is 685 (base 14) in base 13?
786
-269 (base 12) to base 14
-1c5
What is -105b8 (base 12) in base 6?
-243552
Convert 124 (base 15) to base 8.
403
Convert 3d6a (base 15) to base 14.
4b14
What is -14a (base 14) in base 12?
-19a
Convert -311 (base 13) to base 7.
-1343
Convert -101120 (base 4) to base 16.
-458
Convert -1507c (base 13) to base 2.
-1001101011100001
-1301 (base 7) to base 6
-2135
10739 (base 11) to base 10
15530
What is -3a6 (base 11) in base 10?
-479
Convert 388b (base 13) to base 6.
101150
113310 (base 5) to base 13
1bb6
2201 (base 4) to base 9
188
Convert -330155 (base 6) to base 13.
-c560
655 (base 10) to base 2
1010001111
What is 11000110001101 (base 2) in base 6?
134421
-702a (base 13) to base 7
-62641
Convert 2217 (base 16) to base 15.
28bc
Convert 2220 (base 7) to base 13.
495
1001101011001 (base 2) to base 13
2340
Convert -10104 (base 5) to base 14.
-34a
What is -10001100 (base 2) in base 16?
-8c
Convert 1067 (base 11) to base 14.
724
fe (base 16) to base 9
312
-26c2 (base 14) to base 4
-1222302
-110101010100000 (base 2) to base 6
-330212
Convert 10764 (base 9) to base 7.
26644
What is 42416 (base 8) in base 9?
26222
Convert 2001 (base 7) to base 14.
371
Convert 14721 (base 8) to base 12.
39a9
Convert 4471 (base 14) to base 8.
27123
Convert -370 (base 10) to base 6.
-1414
What is -1cc4 (base 14) in base 4?
-1102110
6b (base 15) to base 7
203
48a0 (base 14) to base 9
18353
-174e (base 16) to base 2
-1011101001110
b1b8 (base 16) to base 10
45496
What is -11501 (base 7) in base 5?
-43430
Convert -4026 (base 8) to base 13.
-c33
What is 32d (base 14) in base 16?
275
What is c5a 